s of 2565067.
2565067
What are the prime factors of 25025142?
2, 3, 173, 24109
What are the prime factors of 2221404?
2, 3, 19, 9743
What are the prime factors of 5484394?
2, 2742197
List the prime factors of 10089074.
2, 31, 162727
List the prime factors of 381540.
2, 3, 5, 6359
List the prime factors of 608562.
2, 3, 33809
What are the prime factors of 404598?
2, 3, 67433
List the prime factors of 2689367.
23, 116929
What are the prime factors of 552361?
541, 1021
List the prime factors of 5459854.
2, 827, 3301
What are the prime factors of 811952?
2, 31, 1637
What are the prime factors of 5375232?
2, 3, 2333
List the prime factors of 311812.
2, 137, 569
List the prime factors of 107311.
239, 449
What are the prime factors of 636995?
5, 127399
List the prime factors of 139773.
3, 46591
What are the prime factors of 21357?
3, 7, 113
What are the prime factors of 5015881?
13, 385837
List the prime factors of 92270.
2, 5, 9227
List the prime factors of 2151359.
7, 307337
What are the prime factors of 1181397?
3, 7, 101, 557
What are the prime factors of 14803993?
41, 89, 4057
List the prime factors of 217428.
2, 3, 18119
List the prime factors of 14499397.
11, 197, 6691
List the prime factors of 89991.
3, 11, 101
List the prime factors of 416027.
41, 73, 139
What are the prime factors of 1763910?
2, 3, 5, 47, 139
What are the prime factors of 3498300?
2, 3, 5, 13, 23
What are the prime factors of 167599?
19, 8821
List the prime factors of 758724.
2, 3, 23, 2749
List the prime factors of 399240.
2, 3, 5, 1109
List the prime factors of 197816.
2, 79, 313
List the prime factors of 25642787.
2633, 9739
What are the prime factors of 199846?
2, 99923
What are the prime factors of 249983?
19, 59, 223
What are the prime factors of 7047893?
7047893
What are the prime factors of 1189540?
2, 5, 11, 5407
What are the prime factors of 836893?
17, 19, 2591
What are the prime factors of 2213892?
2, 3, 6833
List the prime factors of 28417365.
3, 5, 210499
What are the prime factors of 21850041?
3, 233, 31259
List the prime factors of 2420843.
271, 8933
List the prime factors of 29096908.
2, 863, 8429
List the prime factors of 26784299.
17, 1575547
List the prime factors of 1087862.
2, 47, 71, 163
List the prime factors of 1476140.
2, 5, 23, 3209
List the prime factors of 7828028.
2, 13, 29, 179
What are the prime factors of 15290081?
15290081
List the prime factors of 370941.
3, 61, 2027
What are the prime factors of 490309?
490309
What are the prime factors of 923890?
2, 5, 11, 37, 227
List the prime factors of 274117.
274117
List the prime factors of 1194735.
3, 5, 23, 3463
What are the prime factors of 2848879?
11, 19, 43, 317
List the prime factors of 356056.
2, 44507
What are the prime factors of 9867569?
29, 340261
What are the prime factors of 2830121?
7, 101, 4003
What are the prime factors of 1599846?
2, 3, 266641
What are the prime factors of 1908417?
3, 7, 19, 4783
List the prime factors of 25948.
2, 13, 499
What are the prime factors of 3151869?
3, 7, 150089
What are the prime factors of 1284246?
2, 3, 71347
What are the prime factors of 307443?
3, 102481
List the prime factors of 451917.
3, 149, 337
List the prime factors of 244038.
2, 3, 89, 457
List the prime factors of 1537543.
7, 219649
What are the prime factors of 287321?
287321
List the prime factors of 1170420.
2, 3, 5, 19507
List the prime factors of 2020930.
2, 5, 61, 3313
List the prime factors of 6720987.
3, 7, 13, 3517
What are the prime factors of 330923?
19, 17417
List the prime factors of 4380089.
7, 19, 32933
List the prime factors of 21296955.
3, 5, 67, 21191
What are the prime factors of 7929491?
7929491
What are the prime factors of 11402?
2, 5701
List the prime factors of 223293.
3, 7, 31
List the prime factors of 1533808.
2, 17, 5639
What are the prime factors of 816441?
3, 43, 6329
List the prime factors of 1913697.
3, 212633
List the prime factors of 93875.
5, 751
What are the prime factors of 1263387?
3, 353, 1193
What are the prime factors of 3514383?
3, 390487
What are the prime factors of 7019490?
2, 3, 5, 233983
List the prime factors of 696362.
2, 348181
List the prime factors of 68888.
2, 79, 109
What are the prime factors of 2854515?
3, 5, 190301
List the prime factors of 1689621.
3, 137, 4111
What are the prime factors of 5124618?
2, 3, 284701
What are the prime factors of 515192?
2, 64399
List the prime factors of 36455.
5, 23, 317
List the prime factors of 214828.
2, 43, 1249
What are the prime factors of 135782?
2, 67891
List the prime factors of 307777.
29, 10613
List the prime factors of 297904.
2, 43, 433
What are the prime factors of 42650?
2, 5, 853
List the prime factors of 307887.
3, 17, 6037
What are the prime factors of 9846820?
2, 5, 113, 4357
What are the prime factors of 1926864?
2, 3, 13381
What are the prime factors of 388010?
2, 5, 7, 23, 241
What are the prime factors of 3696916?
2, 823, 1123
What are the prime factors of 2634104?
2, 11, 37, 809
What are the prime factors of 1314184?
2, 61, 2693
What are the prime factors of 16167416?
2, 59, 34253
List the prime factors of 2523326.
2, 13, 37, 43, 61
What are the prime factors of 150241?
7, 13, 127
List the prime factors of 7254512.
2, 17, 149, 179
What are the prime factors of 44792?
2, 11, 509
List the prime factors of 22769766.
2, 3, 17, 74411
What are the prime factors of 1789414?
2, 11, 163, 499
List the prime factors of 366785.
5, 109, 673
List the prime factors of 5611491.
3, 207833
List the prime factors of 41420.
2, 5, 19, 109
What are the prime factors of 789829?
789829
List the prime factors of 136660.
2, 5, 6833
List the prime factors of 14614424.
2, 11, 17, 9769
List the prime factors of 24750.
2, 3, 5, 11
List the prime factors of 396422.
2, 13, 79, 193
What are the prime factors of 334689?
3, 29, 3847
List the prime factors of 484106.
2, 7, 151, 229
List the prime factors of 15032844.
2, 3, 109, 1277
What are the prime factors of 407614?
2, 203807
What are the prime factors of 5174246?
2, 7, 11, 33599
List the prime factors of 52237.
52237
What are the prime factors of 447606?
2, 3, 307
List the prime factors of 396176.
2, 11, 2251
List the prime factors of 293123.
293123
What are the prime factors of 19925268?
2, 3, 11, 23, 6563
List the prime factors of 12879469.
193, 66733
List the prime factors of 16983.
3, 17, 37
What are the prime factors of 26749289?
7, 3821327
What are the prime factors of 2631072?
2, 3, 27407
What are the prime factors of 1308412?
2, 7, 83, 563
What are the prime factors of 18032704?
2, 281761
What are the prime factors of 1152767?
7, 11, 1361
What are the prime factors of 9575515?
5, 1915103
What are the prime factors of 21109629?
3, 41, 73, 2351
What are the prime factors of 31834301?
4663, 6827
What are the prime factors of 3240374?
2, 19, 269, 317
What are the prime factors of 516938?
2, 258469
List the prime factors of 427535.
5, 37, 2311
What are the prime factors of 308656?
2, 101, 191
What are the prime factors of 1752362?
2, 876181
List the prime factors of 135207.
3, 83, 181
What are the prime factors of 8938429?
8938429
List the prime factors of 22703470.
2, 5, 31, 73237
What are the prime factors of 9625977?
3, 1069553
What are the prime factors of 5972376?
2, 3, 29, 8581
List the prime factors of 81078.
2, 3, 13513
What are the prime factors of 31103?
19, 1637
What are the prime factors of 2699385?
3, 5, 13, 109, 127
List the prime factors of 2643409.
113, 149, 157
List the prime factors of 25935940.
2, 5, 127, 10211
What are the prime factors of 2064310?
2, 5, 17, 12143
List the prime factors of 36080.
2, 5, 11, 41
List the prime factors of 893630.
2, 5, 89363
List the prime factors of 2258995.
5, 451799
What are the prime factors of 534840?
2, 3, 5, 4457
What are the prime factors of 686222?
2, 17, 20183
List the prime factors of 3465577.
3465577
List the prime factors of 163641.
3, 54547
What are the prime factors of 5158056?
2, 3, 29, 7411
List the prime factors of 7624.
2, 953
List the prime factors of 410594.
2, 205297
What are the prime factors of 190602?
2, 3, 10589
List the prime factors of 7122204.
2, 3, 37, 5347
What are the prime factors of 1471070?
2, 5, 147107
List the prime factors of 206302.
2, 19, 61, 89
List the prime fac